 a composite number?
True
Is 7988339 a prime number?
True
Is 562739 a composite number?
False
Is 16575239 prime?
False
Is 18930451 a composite number?
False
Is 71597939 a composite number?
True
Is 17930999 a prime number?
True
Is 33598223 a prime number?
True
Is 1158051 prime?
False
Is 12623509 a prime number?
False
Is 2140121 composite?
False
Is 7486467 a composite number?
True
Is 2155847 a composite number?
True
Is 3397853 composite?
False
Is 11089489 prime?
False
Is 19056689 composite?
False
Is 3245783 composite?
True
Is 398639 prime?
False
Is 8712421 a prime number?
True
Is 76167211 a composite number?
True
Is 10623713 prime?
False
Is 137119243 composite?
False
Is 16137673 composite?
False
Is 1852363 a prime number?
True
Is 1635737 a composite number?
True
Is 129517 prime?
True
Is 1441383 composite?
True
Is 10541191 composite?
True
Is 174243973 prime?
False
Is 560359 prime?
False
Is 1925219 a composite number?
False
Is 14687971 a prime number?
False
Is 36121061 composite?
False
Is 12277241 prime?
True
Is 11705839 prime?
False
Is 474822617 a prime number?
False
Is 169801 a composite number?
True
Is 1214987 a composite number?
True
Is 1594371 a composite number?
True
Is 225442579 a composite number?
False
Is 9720259 composite?
False
Is 6837713 prime?
True
Is 3211001 composite?
False
Is 1046179 prime?
True
Is 2605247 a prime number?
False
Is 162049021 a composite number?
True
Is 31140289 composite?
False
Is 210505607 composite?
True
Is 74037019 a composite number?
True
Is 23307653 prime?
True
Is 197346803 a composite number?
True
Is 122484733 composite?
True
Is 275201 composite?
False
Is 131842 composite?
True
Is 2129 composite?
False
Is 138916853 prime?
True
Is 146114767 composite?
True
Is 4297867 prime?
False
Is 79798553 prime?
False
Is 86743 composite?
False
Is 17562497 a composite number?
False
Is 153279799 a composite number?
False
Is 388703 a composite number?
True
Is 992249 composite?
False
Is 210658927 a composite number?
False
Is 15255941 a composite number?
False
Is 15679819 a prime number?
False
Is 14344739 a composite number?
True
Is 31063337 a prime number?
True
Is 13377457 a composite number?
False
Is 83403505 prime?
False
Is 15791381 prime?
False
Is 14193211 a prime number?
True
Is 28731743 a composite number?
True
Is 288110087 composite?
True
Is 13769047 a prime number?
False
Is 390048523 a prime number?
True
Is 3556977 a prime number?
False
Is 40191139 a composite number?
True
Is 12935203 composite?
False
Is 1155721 a prime number?
False
Is 3260441 a prime number?
False
Is 55183651 a composite number?
True
Is 50725607 a prime number?
True
Is 156217 a composite number?
False
Is 467781037 a prime number?
True
Is 20466377 a composite number?
False
Is 2033053 a composite number?
True
Is 11055973 a prime number?
False
Is 821760281 prime?
True
Is 107321902 a composite number?
True
Is 106018359 a composite number?
True
Is 144696881 composite?
True
Is 133884349 prime?
False
Is 4846679 a composite number?
False
Is 368180083 a composite number?
False
Is 11430529 composite?
True
Is 79668461 a prime number?
False
Is 143093 composite?
False
Is 31412659 prime?
True
Is 24206683 a prime number?
True
Is 28333799 prime?
False
Is 34374563 a composite number?
False
Is 7190527 a composite number?
False
Is 48475331 prime?
True
Is 24177707 a composite number?
False
Is 20587939 a composite number?
True
Is 63395851 a composite number?
True
Is 3172619 composite?
True
Is 305951 a prime number?
False
Is 31045919 a composite number?
False
Is 1950617 prime?
True
Is 72838235 prime?
False
Is 3415579 a prime number?
True
Is 21560395 composite?
True
Is 35253047 a prime number?
True
Is 201004369 a prime number?
False
Is 938712173 a prime number?
False
Is 468980923 composite?
True
Is 3352003 a composite number?
False
Is 1218801 composite?
True
Is 201015455 composite?
True
Is 126194071 composite?
False
Is 17488771 composite?
False
Is 1033561 a prime number?
False
Is 660253981 composite?
True
Is 5013227 composite?
True
Is 13680421 a composite number?
True
Is 273846899 composite?
True
Is 4105289 prime?
False
Is 249302321 a composite number?
False
Is 2377069 prime?
True
Is 850933 prime?
True
Is 13678873 a prime number?
False
Is 131260067 a composite number?
False
Is 5155321 a prime number?
False
Is 757447 composite?
True
Is 17254057 composite?
False
Is 10642693 a prime number?
False
Is 16462847 a composite number?
False
Is 51498439 composite?
False
Is 12215465 a prime number?
False
Is 101683031 a composite number?
True
Is 15019727 a composite number?
False
Is 493392061 composite?
True
Is 1587787 a composite number?
False
Is 19287599 a prime number?
True
Is 444185549 prime?
True
Is 58600691 prime?
True
Is 7239853 a prime number?
False
Is 3816377 composite?
False
Is 7137583 composite?
False
Is 7627663 a prime number?
True
Is 255179989 a prime number?
True
Is 256634513 composite?
False
Is 264442507 composite?
True
Is 29034859 a composite number?
True
Is 118772399 prime?
False
Is 266407771 a prime number?
False
Is 22938878 composite?
True
Is 344018263 prime?
True
Is 38043623 composite?
False
Is 78030061 a composite number?
False
Is 2177086 a prime number?
False
Is 12783989 prime?
False
Is 304222 a composite number?
True
Is 4837366 prime?
False
Is 518347 a prime number?
False
Is 1706651 a prime number?
True
Is 8273399 a composite number?
True
Is 9130229 a composite number?
True
Is 9792301 a prime number?
True
Is 191502749 a prime number?
False
Is 665341 composite?
True
Is 53126834 a prime number?
False
Is 683635 composite?
True
Is 99311866 prime?
False
Is 84833041 prime?
False
Is 111426163 composite?
True
Is 6795527 prime?
True
Is 308626621 composite?
False
Is 6659077 a prime number?
True
Is 14723389 a prime number?
True
Is 61744003 a prime number?
True
Is 6664741 composite?
True
Is 10682635 a prime number?
False
Is 3589279 composite?
False
Is 42849011 composite?
False
Is 826843 a prime number?
False
Is 25668757 prime?
False
Is 402233 composite?
True
Is 137652901 composite?
True
Is 104527 composite?
False
Is 21797927 a composite number?
True
Is 23608691 prime?
False
Is 22382441 a composite number?
False
Is 233837 prime?
True
Is 65972603 a composite number?
True
Is 118737239 prime?
True
Is 382238981 a prime number?
True
Is 4382429 a prime number?
True
Is 4824283 a prime number?
True
Is 957889 prime?
True
Is 2979635 prime?
False
Is 284039 a prime number?
False
Is 73194133 composite?
False
Is 2924021 prime?
True
Is 204629053 a prime number?
True
Is 147283 composite?
False
Is 14179103 prime?
False
Is 8038193 composite?
False
Is 152286373 a prime number?
False
Is 35186317 composite?
False
Is 1932563 composite?
False
Is 12612727 prime?
True
Is 225469649 a composite number?
False
Is 22450657 prime?
False
Is 97847779 prime?
True
Is 5977453 a prime number?
True
Is 135648047 a composite number?
False
Is 586687 a prime number?
False
Is 31265417 a prime number?
True
Is 8404355 composite?
True
Is 9962291 a prime number?
True
Is 22490231 a composite number?
False
Is 4649899 a prime number?
False
Is 180621601 a composite number?
True
Is 24511 a composite number?
True
Is 3343355 composite?
True
Is 28503767 composite?
False
Is 4507133 a composite number?
False
Is 79676621 prime?
False
Is 89557151 prime?
True
Is 35538229 prime?
False
Is 5151871 composite?
False
Is 7965553 a composite number?
True
Is 17509 prime?
True
Is 5655631 a prime number?
False
Is 4664789 composite?
False
Is 62350397 composite?
False
Is 61847113 composite?
True
Is 19795051 composite?
False
Is 177089281 composite?
True
Is 3250693 a composite number?
False
Is 80071247 prime?
True
Is 16757483 a prime number?
True
Is 503465 a prime number?
False
Is 162284951 prime?
True
Is 2815399 composite?
False
Is 1276451 composite?
True
Is 734527 prime?
False
Is 19766851 a composite number?
True
Is 221990317 composite?
False
Is 8081189 composite?
True
Is 25500539 a composite number?
False
Is 105936829 a composite number?
False
Is 3411229 a prime number?
True
Is 150760343 prime?
False
Is 13423481 a composite number?
True
Is 4849547 prime?
False
Is 523554583 composite?
False
Is 44428739 composite?
False
Is 11219653 composite?
True
Is 16907513 composite?
True
Is 4850381 composite?
True
Is 2218378 composite?
True
Is 531121 prime?
T